p(k) = k + 1. Calculate p(s).
-5
Let h(v) = 2*v - 35. Let x(k) = 215*k - 1932. Let p be x(9). Give h(p).
-29
Let p(q) = 1807 + 17*q - q**3 - 906 - 900 - 6*q**2. Determine p(-8).
-7
Suppose -1 - 11 = 4*i + k, 3*k = 4*i + 12. Let p be (-8)/(4 + 4) + i. Let n(b) = 3 - b + 6*b + b**2 - 2*b. What is n(p)?
7
Suppose 4*i = -17 + 41. Let t(c) be the third derivative of 0*c + 15 + 1/2*c**3 - 1/6*c**4 + 2*c**2. Give t(i).
-21
Let w(y) = -y**2 + 7*y + 1. Suppose 4*i = 24*i. Let k be 2 + (-6 - i)/(-2). Determine w(k).
11
Let d(y) = y**3 - 7145 + 18*y**2 - 7149 - 17*y + 14313. Calculate d(-19).
-19
Let l(d) = -d**2 + 16*d - 63. Let g be l(12). Let h be (-75)/g + (-12)/((-9)/3). Let a(k) = -2*k + 21. Determine a(h).
3
Let a(x) be the third derivative of -x**4/12 - x**3/6 - x**2. Let h(s) = s**3 + 8*s**2 + 7*s - 42. Let j = 180 - 185. Let t be h(j). Give a(t).
3
Let d = -7490 + 7496. Let c(x) = 7*x**2 + 7*x - 11. Let p(v) = 4*v**2 + 4*v - 5. Let h(b) = -3*c(b) + 5*p(b). What is h(d)?
-34
Suppose -2*t - 3*c - 10 = 0, 0 = -542*t + 537*t - 4*c - 18. Let k(d) = -2*d**3 - d**2 - 8. What is k(t)?
4
Let g(d) = -d**3 - 4*d**2 - 2*d - 2. Let j(l) = 3*l + 9. Let v be j(-2). Suppose -4*p - 8*x + 3*x - 6 = 0, v*x + 14 = -5*p. Give g(p).
6
Let g(n) be the first derivative of n**4/12 + n**3/6 - 5*n**2/2 + 121*n - 215. Let y(z) be the first derivative of g(z). Determine y(-5).
15
Suppose -2*k + 28*z - 10 = 24*z, 0 = 2*k - 2*z + 4. Let n(q) = -34*q + 30*q**2 + 69*q - 36*q. Calculate n(k).
29
Let i(p) = -p**3 - 46*p**2 + 31*p**2 - 12*p + 32 - 8*p + 24*p**2. Give i(6).
20
Let f(v) = 11 + 33 - 19 + 8*v - 6*v. Give f(0).
25
Let o = 7 + 0. Let k(q) = 8*q - 8. Let u(y) = 3*y - 3. Suppose s = -5*c - 21, 17*s = 19*s - 2*c + 18. Let n(g) = s*u(g) + 4*k(g). Calculate n(o).
-6
Let v(i) = -3826*i**2 - 4 + 3831*i**2 + 6*i + 0*i - 350*i**3 + 349*i**3. Let u be -15*(-2 - (-8)/5). Calculate v(u).
-4
Let o = -5881 + 5874. Let s(g) = 2*g + 4*g**2 - 2*g**2 - g**3 + 5*g**2 - 1. Let r(c) = -3*c**3 + 14*c**2 + 5*c - 1. Let k(a) = -2*r(a) + 5*s(a). Calculate k(o).
-3
Let p(d) = -18*d**3 - 22*d**3 - 2 - d**2 + 41*d**3. Let q(l) = l**3 + 15*l**2 - 43*l - 153. Let s be q(-17). What is p(s)?
-2
Let z(x) = -x**2 + 9*x - 16. Suppose 7*a - 16*j = -18*j + 62, 4*a - j - 29 = 0. Determine z(a).
-8
Let c(m) = 2*m**2 - 8*m + 1. Let x(i) = -13*i + 12*i**3 + 12*i**3 - 3*i**2 - 23*i**3 - 14 + 2*i**2 + 3*i**2. Let u be x(-4). Determine c(u).
25
Let h(v) be the first derivative of -v**3/3 + 7*v**2/2 - 10*v - 1. Let b(g) = -13*g + 70. Let i be b(11). Let o = i - -80. Determine h(o).
-10
Let u(f) = f**3 + 5*f**2 - 6*f. Let j(c) = -c**2 + 14*c + 24. Let o be j(17). Let k be 18/o - (-16)/(-3). Give u(k).
0
Let i(t) be the third derivative of t**4/24 + 23*t**2. Let q = -10 - -14. Suppose 0 = 4*a + 2*n - q, 5*a + 2*n = 3*n + 5. Give i(a).
1
Let i(z) = 20*z + 2*z - 26*z - 1 - 2*z + 5*z. Suppose 2*l - 4*l = 10. Give i(l).
4
Let g(k) = k - 4. Let h(i) = -i**2 - 12*i - 7. Let a be h(-11). Suppose n + 2 = -p, 3*p - a*n = -2*p - 19. What is g(p)?
-7
Let v(n) = -3*n**2 + 34*n + 10. Let s(o) = 5*o**2 - 61*o - 20. Let a(p) = 6*s(p) + 11*v(p). Let k be (0/1 - 4)*-1. Give a(k).
-26
Let m be -22*(10/(-660)*-582 + -9). Let u(a) = 42*a - 22. What is u(m)?
146
Let d be 5/5*(2 - -1) + 4. Suppose 5*s + 3 + d = 5*y, 0 = 4*y + 20. Let b(a) = a**3 - 2*a**2 - 5 + 6 + 9*a**2. What is b(s)?
1
Let q(d) = d**3 + 3*d**2 + 4*d - 5. Let f = -13581 + 13576. What is q(f)?
-75
Let g(r) be the first derivative of r**2 - 31*r + 113. Let c be g(15). Let a(u) = -10*u**3 - 1. Determine a(c).
9
Let m(x) be the third derivative of -x**5/60 - 3*x**4/8 + 17*x**3/6 - 1088*x**2. Let s(b) = -2*b**2 + 5*b + 1. Let p be s(4). Give m(p).
-5
Let g(j) be the second derivative of j**5/24 + j**4/24 - j**3/6 + j**2/2 + 53*j. Let c(p) be the second derivative of g(p). Calculate c(3).
16
Let r(s) = -8*s**2 + 8*s + 138. Let w(d) = 9*d**2 - 10*d - 152. Let n(c) = -10*r(c) - 9*w(c). Let g be ((-8)/5)/(1/(-5)). Give n(g).
4
Suppose 32*v - 3*x = 31*v - 14, 4*v = -5*x - 5. Let i(j) = -2*j**2 - 14*j - 22. What is i(v)?
-2
Let j(n) be the second derivative of n**4/3 - 55*n**3/6 - 32*n**2 - 168*n + 7. Give j(15).
11
Let p = 178 + -115. Let f be (p/18)/(2/(-4)). Let b(a) be the third derivative of a**5/60 + 7*a**4/24 - a**3/2 - 409*a**2 - 2*a. Determine b(f).
-3
Let l be (-10 - -7) + -3 - -5. Suppose 0 = 5*m - 0 + 5, -11 = -5*o + m. Let j(r) = -3*r**2 - 24 + 24 - 3*r**o. Determine j(l).
-6
Let v = 3 + -10. Let n(h) = 2*h - 4. Let o(d) = 4*d - 7. Let i(y) = -5*n(y) + 3*o(y). Let f(a) = -7*a + 15. Let x(k) = -f(k) - 4*i(k). Determine x(v).
-4
Let m(d) = -d**3 - 11*d**2 - 16*d + 2. Let p(s) = 80*s - 1122. Let x be p(14). Calculate m(x).
-2
Let v(f) = -4 + 28 - 16 - 7*f. Let w(s) = -11*s + 17. Let z(g) = -5*v(g) + 3*w(g). Determine z(-9).
-7
Let m = -4 - -4. Let r be (7 - 1)*(-784)/(-168). Let c(f) = 28 + 10 - r - f. Determine c(m).
10
Let s(j) = -j**3 - 17*j**2 + 2*j + 42. Let b be s(-17). Suppose b*x + x = 297. Suppose -x + 37 = 4*k. Let a(u) = 5*u - 1. Calculate a(k).
4
Let n(m) be the third derivative of -m**5/60 + 11*m**4/24 + 4*m**3/3 - 2*m**2 - 1715*m. Give n(6).
38
Let l(g) = -14*g**2 - 28*g**2 - 11*g**2 + 55*g**2 - 3*g - 2. Give l(4).
18
Let b(p) = 11 - 7*p + p**3 + 22 + 22*p**2 + 10 - 37 - 25*p**2. Give b(5).
21
Let x(y) = -8*y**2 + 2*y - 19. Let t(a) = -35*a**2 + 9*a - 80. Let d(i) = -2*t(i) + 9*x(i). Calculate d(4).
-43
Let w(c) = 2*c**2 + 27*c + 19. Let a = 40026 + -40040. What is w(a)?
33
Let d(p) be the second derivative of -p**4/12 + 11*p**3/6 + 37*p**2/2 + 2*p - 166. Calculate d(15).
-23
Let x(l) be the second derivative of 1 - 2*l + l**2 + 1/2*l**3. Calculate x(4).
14
Let u(s) be the second derivative of s**5/20 + 3*s**4/4 - 5*s**3/6 + 45*s**2/2 + 759*s - 4. What is u(-10)?
-5
Let t(n) = -n**2 - 5*n + 2. Let u(p) be the third derivative of p**5/30 + 67*p**4/24 + 29*p**3/6 + 113*p**2 + 2. Let q be u(-33). Calculate t(q).
6
Let l(p) be the first derivative of p**4/4 + 8*p**3/3 + 13*p**2/2 - 3*p - 2386. Calculate l(-6).
-9
Let n(c) be the first derivative of 11*c**4/2 + c**3/3 - c**2/2 - c - 4. Suppose -35*r - 2 - 33 = 0. Determine n(r).
-21
Let o(u) = -264 - 254 + 22*u - 258 + 774. Determine o(2).
42
Suppose 3*d - 48 = -3*h, -h = -2*d - 0*h + 26. Let t(l) = -2*l - 9. Give t(d).
-37
Let b(s) be the second derivative of -s**6/6 + s**5/60 - 75*s**2/2 + 121*s. Let v(y) be the first derivative of b(y). What is v(1)?
-19
Suppose -13*l + 5*l - 150 = -58*l. Let q(a) be the second derivative of 3*a**2 + a**l + 1/12*a**4 + 0 - 12*a. Give q(-5).
1
Let f(p) be the third derivative of -p**5/15 + 101*p**4/24 - 14*p**3/3 + 7703*p**2 + p. Determine f(25).
-3
Let o(h) = 51 - h**3 - 2*h**2 - 3*h + 31 - 122 + 2*h**3 + 36. Let i = 5 - 2. Determine o(i).
-4
Let y(x) = -x**3 - 11*x**2 + 5*x + 10. Suppose 4 = 4*o - 20, o - 50 = 4*p. Calculate y(p).
-45
Let m(c) = 2*c - 7. Let t(d) = -39*d + 3940. Let x be t(101). Determine m(x).
-5
Let l(r) = -10*r + 20 + 7 + 20*r - 15*r. Give l(4).
7
Let l(t) = t**2 - 30*t - 22. Let y be l(31). Let p(o) be the third derivative of -y*o**2 + 0 + 0*o**3 + 5/24*o**4 + 0*o. Calculate p(-3).
-15
Let y(j) = -7*j - 2. Let r(c) = -c**3 - 31*c**2 + 66*c + 2. Let v be r(-33). Suppose 3*s + 0 + 12 = 2*w, v*w + 4*s = -2. Give y(w).
-23
Let k(m) be the third derivative of m**4/24 + 7*m**3/3 + m**2. Let z(l) = 14*l - 247. Let j be z(19). Let v = -19 + j. Give k(v).
14
Suppose 5*o = -4*t + 5, 2*t - 4*o = -3*t - 4. Let p(v) be the first derivative of v**2/2 + 9*v + 10. Let d(j) = 2. Let y(b) = -3*d(b) + p(b). Calculate y(t).
3
Suppose 4*u - 456 - 924 = 5*a, 4*a = 2*u - 690. Let t be 5/10 - (-2 - u/(-6)). Let i = t - -58. Let b(z) = -6*z + 4. Determine b(i).
-14
Let d(z) = -z**2 - 26*z + 5. Let m(u) = 7*u**2 + 160*u - 23. Let y(h) = 6*d(h) + m(h). Let g be -3 - -3 - 2/1. What is y(g)?
3
Let u(j) = j**3 + 4*j**2 - 6*j - 7. Let d(t) be the second derivative of -15*t**4/4 - 5*t**3/6 + 2*t**2 + 18*t. Let h be d(1). Let f = 41 + h. Give u(f).
-2
Let g = -20413 + 20413. Let y(v) be the third derivative of 0 + 5/12*v**4 + g*v**3 + 0*v - 18*v**2. What is y(-1)?
-10
Suppose 3*s - 65 = 3*a + 193, 254 = -3*a - s. Let n = -85 - a. Let w(u) = n*u - 6*u + u + 0*u + 2 - u**2. Determin